{"id":1957,"date":"2020-05-15T10:52:41","date_gmt":"2020-05-15T10:52:41","guid":{"rendered":"https:\/\/rajongo.lmvk.hu\/?page_id=1957"},"modified":"2020-05-15T14:10:06","modified_gmt":"2020-05-15T14:10:06","slug":"eletem","status":"publish","type":"page","link":"https:\/\/rajongo.lmvk.hu\/?page_id=1957","title":{"rendered":"\u00c9letutam"},"content":{"rendered":"\n\t\t<div data-scrolling-effect='parallax' data-focal-point='{\"x\":0.5,\"y\":0.5}' data-final-focal-point='{\"x\":0.5,\"y\":0.5}' data-initial-background-scale=\"1\"data-final-background-scale=\"1\" data-smooth-start=\"1\" data-smooth-end=\"1\" \t\t\tclass=\"novablocks-hero novablocks-doppler alignfull novablocks-u-valign-center novablocks-u-halign-center novablocks-u-spacing-medium novablocks-u-content-width-large novablocks-u-background novablocks-u-background-dark scrolling-effect-parallax\"\n\t\t\tstyle=\"--novablocks-hero-text-color: #FFF;min-height: calc(50* var(--novablocks-1vh, 1vh)); \"\n\t\t>\n\n\t\t\t\n            <div class=\"novablocks-mask\">\n\t            <img width=\"750\" height=\"554\" src=\"https:\/\/rajongo.lmvk.hu\/wp-content\/uploads\/2020\/05\/ny_main.jpg\" class=\"novablocks-parallax\" alt=\"\" loading=\"lazy\" style=\"object-position: 50% 50%;opacity: 0.7; \" srcset=\"https:\/\/rajongo.lmvk.hu\/wp-content\/uploads\/2020\/05\/ny_main.jpg 750w, https:\/\/rajongo.lmvk.hu\/wp-content\/uploads\/2020\/05\/ny_main-300x222.jpg 300w, https:\/\/rajongo.lmvk.hu\/wp-content\/uploads\/2020\/05\/ny_main-250x185.jpg 250w\" sizes=\"(max-width: 750px) 100vw, 750px\" \/>\n\t\t\t\t            <\/div>\n            <div class=\"novablocks-hero__foreground novablocks-foreground novablocks-u-content-padding novablocks-u-content-align\" style=\"min-height: calc(50 * var(--novablocks-1vh, 1vh)); \">\n                <div class=\"novablocks-hero__inner-container novablocks-u-content-width\" style=\"\">\n\t\t\t\t\t\n\t\t\t<div class=\"wp-block-separator is-style-decorative\">\n                \n        <div class=\"c-separator\">\n            <div class=\"c-separator__arrow c-separator__arrow--left\"><\/div>\n            <div class=\"c-separator__line c-separator__line--left\"><\/div>\n            <div class=\"c-separator__symbol\">\n                <span><svg width=\"31\" height=\"20\" viewBox=\"0 0 31 20\" fill=\"none\" xmlns=\"http:\/\/www.w3.org\/2000\/svg\"><path d=\"M30.721 6.3114c0 .599-.2647 1.1494-.7941 1.651-.5155.5016-1.2679.8777-2.2571 1.1285-5.6984 1.4768-8.7774 2.2153-9.2372 2.2153-.5434 0-.815-.1394-.815-.418 0-.2229.3204-.5294.9613-.9195.2647-.1672 1.1842-.6758 2.7586-1.5257 2.9816-1.6161 4.5072-2.4381 4.5768-2.466 1.3375-.6548 2.4243-.9822 3.2602-.9822 1.031 0 1.5465.4389 1.5465 1.3166zm-4.8485-3.1766c0 .4598-.3553 1.0031-1.0658 1.63-.3901.3345-1.3654 1.059-2.9258 2.1735-2.9676 2.1178-4.6604 3.1766-5.0784 3.1766-.209 0-.3762-.1393-.5016-.418l.2508-.585c.836-.8639 1.7346-1.8531 2.696-2.9677 1.0309-1.1982 1.637-1.8948 1.8181-2.0899 1.4908-1.5743 2.7796-2.3615 3.8663-2.3615.6269 0 .9404.4807.9404 1.442zm-9.0073-.9613c0 .195-.0975.7035-.2926 1.5256l-.7523 2.8422c-.2926 1.0867-.4668 1.9854-.5225 2.6959-.0279.404-.0627.6548-.1045.7523-.0418.1394-.1393.209-.2926.209-.1532 0-.2508-.0627-.2926-.1881 0-.0139-.0278-.195-.0835-.5433-.1394-.8499-.418-2.2292-.836-4.138-.3204-1.4071-.4807-2.4103-.4807-3.0094 0-.7105.1812-1.2748.5434-1.6927.3762-.418.8638-.627 1.4629-.627.4737 0 .8638.209 1.1703.627.3205.404.4807.9195.4807 1.5465zm-3.2602 7.9414c0 .2787-.1463.418-.4389.418-.1253 0-.5782-.3065-1.3584-.9195-.9334-.7245-2.0202-1.658-3.2602-2.8004a185.9607 185.9607 0 0 1-2.4451-2.2362c-.5852-.599-.8777-1.1634-.8777-1.6928 0-.404.1462-.7593.4388-1.0658.3065-.3065.6827-.4598 1.1286-.4598.6966 0 1.3305.3135 1.9017.9404.2648.2787.8011 1.052 1.6092 2.3198 2.2014 3.4134 3.302 5.2456 3.302 5.4963zm3.9081 3.4065c0 .5155-.209.9265-.627 1.233-.3065.209-.6061.411-.8986.6061-.209.2508-.3135 1.1982-.3135 2.8422 0 .6688-.0209 1.1146-.0627 1.3375-.0697.3065-.216.4598-.4389.4598-.195 0-.3135-.3622-.3553-1.0867-.0975-1.853-.1672-2.9955-.209-3.4274-.4597-.3344-.8289-.7245-1.1076-1.1703-.2229-.3762-.3344-.6827-.3344-.9196 0-.5573.2021-1.0449.6061-1.4629.418-.4319.8917-.6478 1.4211-.6478.6688 0 1.2191.2159 1.651.6478.4458.4319.6688.9614.6688 1.5883zm-5.2874-2.2361c0 .2925-.1184.4388-.3553.4388-.2368 0-.7036-.1184-1.4002-.3552a545.5275 545.5275 0 0 0-2.5705-.8778C4.8764 9.488 2.9119 8.7565 2.0063 8.2968.6688 7.614 0 6.8478 0 5.9979c0-.8917.627-1.3375 1.8809-1.3375.5015 0 1.3862.3901 2.6541 1.1703 1.0031.627 2.6193 1.7416 4.8485 3.3438.1672.1115.8568.5852 2.069 1.4211.5155.3483.7732.5782.7732.6897z\" fill=\"currentColor\"\/><\/svg>\n<\/span>\n            <\/div>\n            <div class=\"c-separator__line c-separator__line--right\"><\/div>\n            <div class=\"c-separator__arrow c-separator__arrow--right\"><\/div>\n        <\/div>\n\t\t\t\t\t<\/div>\n\t\t\n\n\n<h1 class=\"wp-block-novablocks-headline c-headline has-text-align-center has-larger-font-size\"><span class=\"c-headline__secondary\">Az \u00e9lethez<\/span><span class=\"c-headline__primary\">Fant\u00e1zia<br>kell<\/span><\/h1>\n\n\n\n<p class=\"is-style-lead\"><\/p>\n\n                <\/div>\n\t\t\t\t            <\/div>\n\n\t\t\t\n        <\/div>\n\n\t\t\n\n\n<p> Azt hiszem, t\u00f6bb\u00e9-kev\u00e9sb\u00e9 mindenki azt kapja meg, amit elk\u00e9pzel, m\u00e9g ha k\u00e9pzelete l\u00e1tsz\u00f3lag oly vakmer\u0151 is, hogy nem mer r\u00f3la besz\u00e9lni. Az az \u00e9rz\u00e9sem, hogy el\u0151bb-ut\u00f3bb oda \u00e9r el az ember, ahova mer\u00e9sz \u00e1lmaiban fant\u00e1zi\u00e1ba. Valamennyi \u00fagynevezett karriernek ez a titka. Hogy az \u00fat milyen akad\u00e1lyokon vezet kereszt\u00fcl, s hogy a beteljes\u00fcl\u00e9s egy\u00fattal a kiel\u00e9g\u00fcl\u00e9st, a boldogs\u00e1got is jelenti-e, az m\u00e1s k\u00e9rd\u00e9s. Lehet, hogy nem. Lehet, hogy a k\u00fczdelem, amibe a fant\u00e1zia ragadta az embert, fel\u0151rli idegeit. Az embereket a k\u00f6r\u00fclm\u00e9nyek, amik k\u00f6z\u00e9 ker\u00fclnek, t\u00f6bb\u00e9-kev\u00e9sb\u00e9 szerencs\u00e9tlenn\u00e9 teszik, \u00e9s hogy bels\u0151 vil\u00e1guk, ami m\u00e9gis a legfontosabb, nem megy-e veszend\u0151be, az m\u00e1r a szerencs\u00e9s vagy balsiker\u0171 alakul\u00e1sokon m\u00falik.<\/p>\n\n\n\n<p>\u00c1mde a bels\u0151 mozgat\u00f3er\u0151: a fant\u00e1zia. Az emberi kor magas hat\u00e1r\u00e1n, ahonnan most e soraim \u00edr\u00e1sakor visszatekintek, hadd vonom le ezt a tal\u00e1n nem t\u00e9ves konzekvenci\u00e1t: legyen fant\u00e1zi\u00e1d ahhoz, amit el akarsz \u00e9rni. Akkor el\u00e9red.<\/p>\n\n\n\t\t\t<!-- Cool Timeline Free V3.2.3 -->\n\t\t\t<div class=\"ctl-wrapper\" role=\"region\" aria-label=\"Timeline\">\n\t\t\t\t\t\t\t\t<div id=\"cool_timeline_1\" class=\"cool-timeline-wrapper ctl-both-sided ctl-vertical-wrapper\" >\n\t\t\t\t\t<div class=\"ctl-start\"><\/div>\n\t\t\t\t\t<!-- Timeline Container -->\n\t\t\t\t\t<div class=\"ctl-timeline ctl-timeline-container\" data-animation=\"none\">\n\t\t\t\t\t\t<!-- Center Line -->\n\t\t\t\t\t\t<div class=\"ctl-inner-line\" role=\"presentation\"><\/div>\n\t\t\t\t\t\t\t\t\t\t\t\t<!-- Timeline Content --><div  id=\"ctl-story-1979\" class=\"ctl-story ctl-story-dot-icon odd ctl-story-right\" data-aos=\"none\"   data-story-index=\"1\" role=\"article\"><!-- Story IconDot --><div class=\"ctl-icondot\"><\/div> <!-- Story Arrow --><div class=\"ctl-arrow\"><\/div><!-- Story Content --><div class=\"ctl-content\"><!-- Story Title --><div class=\"ctl-title story-1979\" aria-label=\"2\"><a target=\"_self\" title=\"Sz\u00fclettem\" href=\"https:\/\/rajongo.lmvk.hu\/?cool_timeline=eletem\" class=\"story-link\">Sz\u00fclettem<\/a><\/div><!-- Story Description --><div class=\"ctl-description\"><p>Balmaz\u00fajv\u00e1ros\u00a0H\u00edresh\u00e1t (m\u00e1s n\u00e9ven: Rollh\u00e1za) nev\u0171 puszt\u00e1j\u00e1n sz\u00fcletett, a k\u00f6z\u00e9piskol\u00e1t Miskolcon v\u00e9gezte el<\/p>\n<\/div><\/div><\/div><!-- Timeline Content --><div  id=\"ctl-story-1980\" class=\"ctl-story ctl-story-dot-icon even ctl-story-left\" data-aos=\"none\"   data-story-index=\"2\" role=\"article\"><!-- Story IconDot --><div class=\"ctl-icondot\"><\/div> <!-- Story Arrow --><div class=\"ctl-arrow\"><\/div><!-- Story Content --><div class=\"ctl-content\"><!-- Story Title --><div class=\"ctl-title story-1980\" aria-label=\"2\"><a target=\"_self\" title=\"\u00c9letem 2\" href=\"https:\/\/rajongo.lmvk.hu\/?cool_timeline=eletem-2\" class=\"story-link\">\u00c9letem 2<\/a><\/div><!-- Story Description --><div class=\"ctl-description\"><p>Az els\u0151 vil\u00e1gh\u00e1bor\u00fa idej\u00e9n (1914\u20131918)\u00a0Az Est\u00a0c\u00edm\u0171 lap megb\u00edz\u00e1s\u00e1b\u00f3l Sv\u00e1jcban dolgozott, onnan k\u00fcldte h\u00e1bor\u00faellenes cikkeit, publik\u00e1ci\u00f3it, amelyeket n\u00e9met \u00e9s francia lapok is \u00e1tvettek. Ezek az \u00edr\u00e1sok\u00a0Egyszer\u0171 gondolatok\u00a0c\u00edmmel 1918-ban k\u00f6tetben is megjelentek. &nbsp;<\/p>\n<\/div><\/div><\/div><!-- Timeline Content --><div  id=\"ctl-story-1987\" class=\"ctl-story ctl-story-dot-icon odd ctl-story-right\" data-aos=\"none\"   data-story-index=\"3\" role=\"article\"><!-- Story IconDot --><div class=\"ctl-icondot\"><\/div> <!-- Story Arrow --><div class=\"ctl-arrow\"><\/div><!-- Story Content --><div class=\"ctl-content\"><!-- Story Title --><div class=\"ctl-title story-1987\" aria-label=\"2\"><a target=\"_self\" title=\"\u00c9letem 2\" href=\"https:\/\/rajongo.lmvk.hu\/?cool_timeline=eletem-2-2\" class=\"story-link\">\u00c9letem 2<\/a><\/div><!-- Story Description --><div class=\"ctl-description\"><p>London<\/p>\n<\/div><\/div><\/div><!-- Timeline Content --><div  id=\"ctl-story-1990\" class=\"ctl-story ctl-story-dot-icon even ctl-story-left\" data-aos=\"none\"   data-story-index=\"4\" role=\"article\"><!-- Story IconDot --><div class=\"ctl-icondot\"><\/div> <!-- Story Arrow --><div class=\"ctl-arrow\"><\/div><!-- Story Content --><div class=\"ctl-content\"><!-- Story Title --><div class=\"ctl-title story-1990\" aria-label=\"2\"><a target=\"_self\" title=\"USA\" href=\"https:\/\/rajongo.lmvk.hu\/?cool_timeline=usa\" class=\"story-link\">USA<\/a><\/div><!-- Story Description --><div class=\"ctl-description\"><p>Ir\u00e1ny Amerika<\/p>\n<\/div><\/div><\/div>\t\t\t\t\t<\/div>\n\t\t\t\t\t<div class=\"ctl-end\"><\/div>\n\t\t\t\t\t\t\t\t\t<\/div>\n\t\t\t<\/div>\n\t\t\t","protected":false},"excerpt":{"rendered":"<p>Azt hiszem, t\u00f6bb\u00e9-kev\u00e9sb\u00e9 mindenki azt kapja meg, amit elk\u00e9pzel, m\u00e9g ha k\u00e9pzelete l\u00e1tsz\u00f3lag oly vakmer\u0151 is, hogy nem mer r\u00f3la besz\u00e9lni. Az az \u00e9rz\u00e9sem, hogy [&hellip;]<\/p>\n","protected":false},"author":1,"featured_media":0,"parent":28,"menu_order":0,"comment_status":"closed","ping_status":"closed","template":"","meta":{"novablocks_hero_scroll_indicator":false,"novablocks_hero_position_indicators":false},"_links":{"self":[{"href":"https:\/\/rajongo.lmvk.hu\/index.php?rest_route=\/wp\/v2\/pages\/1957"}],"collection":[{"href":"https:\/\/rajongo.lmvk.hu\/index.php?rest_route=\/wp\/v2\/pages"}],"about":[{"href":"https:\/\/rajongo.lmvk.hu\/index.php?rest_route=\/wp\/v2\/types\/page"}],"author":[{"embeddable":true,"href":"https:\/\/rajongo.lmvk.hu\/index.php?rest_route=\/wp\/v2\/users\/1"}],"replies":[{"embeddable":true,"href":"https:\/\/rajongo.lmvk.hu\/index.php?rest_route=%2Fwp%2Fv2%2Fcomments&post=1957"}],"version-history":[{"count":24,"href":"https:\/\/rajongo.lmvk.hu\/index.php?rest_route=\/wp\/v2\/pages\/1957\/revisions"}],"predecessor-version":[{"id":1991,"href":"https:\/\/rajongo.lmvk.hu\/index.php?rest_route=\/wp\/v2\/pages\/1957\/revisions\/1991"}],"up":[{"embeddable":true,"href":"https:\/\/rajongo.lmvk.hu\/index.php?rest_route=\/wp\/v2\/pages\/28"}],"wp:attachment":[{"href":"https:\/\/rajongo.lmvk.hu\/index.php?rest_route=%2Fwp%2Fv2%2Fmedia&parent=1957"}],"curies":[{"name":"wp","href":"https:\/\/api.w.org\/{rel}","templated":true}]}}